-6
What is the value of 0 + 0 - -4 - -1?
5
Calculate (11 + -8 - -2) + -3.
2
-52 - -51 - (0 - 5)
4
What is -1 - 6 - (-28 - -29)?
-8
What is (2 - (-1 - -2)) + 1 + 0?
2
Calculate 1 - (-7 - -5) - (-5 - -15).
-7
0 + -8 + 28 + (-59 - -31)
-8
Evaluate 2 - (-3 - -1 - (-2 - 0)).
2
What is the value of 98 + -90 + -4 + 1?
5
Evaluate (-6 - 2) + (2 - 2) + 3.
-5
Evaluate -2 - (2 + (0 - (4 + -6))).
-6
(2 - -8) + -15 - -11
6
-3 + 1 + (-4 - -3)
-3
What is the value of 0 - (5 - (2 - -4))?
1
(1 - 5) + 1 + -2 + 5
0
Evaluate 7 - (-16 + 8 - -10).
5
Calculate (-19 - -8) + 11 - (3 - 0).
-3
Evaluate -4 - 0 - (26 + -26).
-4
What is the value of -19 - -22 - (1 + 3) - -3?
2
Evaluate 11 - (-12 + 12 + 6).
5
Evaluate 10 + 5 + -9 + 0.
6
What is the value of 4 + (3 - 6) - 1?
0
What is (0 - (0 - (6 - 1))) + -6?
-1
What is -1 - (11 + 0 - 9)?
-3
Evaluate 3 - (0 - ((-3 - -1) + 3)).
4
What is (4 - ((2 - 5) + 4)) + -4?
-1
Calculate -3 + (-10 - 0) + 8.
-5
3 - (7 + -1 + -1)
-2
Calculate (-3 - -1 - 5) + 11.
4
What is the value of (0 - -11) + -5 + -1?
5
What is 7 + (3 - 1) + -5?
4
What is the value of -3 - (-3 + -3 + -2)?
5
What is the value of -6 + (-1 - (1 - 7))?
-1
Evaluate -8 + (-6 - -5) + 9 - -6.
6
Evaluate 1 - 1 - (3 + (1 - -1)).
-5
Evaluate -13 + (8 - 6) - -6.
-5
What is the value of 13 + (-15 - -1) - -2?
1
What is the value of 3 + -3 + (-4 + 7 - 8)?
-5
Calculate -2 - 0 - (38 - 40).
0
2 + (10 - 9 - 8)
-5
Evaluate (15 - 8) + -5 + -9.
-7
What is the value of -10 + 2 + -3 + 4?
-7
(-2 + 5 - 3) + (-6 - -1)
-5
What is the value of -1 + (0 - 1) + 7?
5
Calculate 6 + -5 + 11 + -7 - -1.
6
-1 - (3 - 11) - (-1 + 6)
2
What is the value of 0 + (2 + -2 + 2 - 0)?
2
11 - (6 + (1 - 3))
7
Evaluate 3 - (-1 + 7) - -6.
3
Calculate (-1 + 4 - (7 + 0)) + 7.
3
What is 5 - (-3 + (2 - -1))?
5
Evaluate 11 - (19 + -12 + 3).
1
Evaluate 4 - (9 + -11) - 13.
-7
Calculate 4 + -4 + 15 + -7 + 0.
8
Evaluate 1 + -2 + 0 + 3.
2
Evaluate 0 + -3 + 1 - 1.
-3
What is 7 + -11 + 4 + -6 - -1?
-5
Calculate 3 + -3 + -2 + (-33 - -34).
-1
Calculate 3 + (5 - 1 - 0 - 4).
3
Evaluate -8 + 18 + -5 + -7.
-2
Calculate -1 - (-4 - (-7 + 4)).
0
Calculate 7 + 0 + (2 - 7).
2
What is 7 - 6 - (-1 + -1 + 3)?
0
Calculate -1 + 3 + 0 + (0 - 0).
2
4 + -11 + (-1 + 2 - 1)
-7
-21 - -7 - (1 - 4)
-11
(62 - 67) + (0 - 0)
-5
Evaluate 4 - ((3 - 2) + 4).
-1
Calculate (-4 + 2 - -1) + 7.
6
Calculate (39 - 34) + 3 + -1 + -4.
3
What is the value of 6 + (2 - (-8 - -6 - -7))?
3
What is 2 - -4 - (-2 - -7) - -2?
3
What is 22 + -3 + -9 - 2?
8
What is the value of -3 - (0 + 6 + -14 - -7)?
-2
Evaluate -5 + (-1 - (-2 + -4 + 5)).
-5
-14 + 13 - (1 - (0 - 0))
-2
What is the value of 12 - (10 - (-3 + -7))?
-8
What is -1 - 5 - (-6 - -9 - 4)?
-5
Evaluate 39 + -38 - (-3 + -1 - -2).
3
Evaluate 3 - (1 - (5 + -3 + -4)).
0
-6 + 3 + 0 - -2
-1
Calculate -6 - (-12 - (-3 - 3 - -2)).
2
Evaluate 0 - -2 - -1 - 5.
-2
Calculate -10 + 9 + 1 + -6.
-6
Evaluate (21 - 23) + (-2 - -1).
-3
What is the value of -2 + -3 + 3 + -3?
-5
Evaluate 1 - (2 + -1) - (-3 + -1).
4
Evaluate -12 + (13 - (-7 + 4)).
4
What is the value of -84 + 88 + (-2 - -5 - -1)?
8
What is the value of (7 - 6) + (-3 - 0)?
-2
What is 2 + 0 - (-9 + -1 - -7)?
5
Evaluate 0 + -3 + -1 + 6.
2
What is the value of 9 + 0 + (-12 - -3)?
0
Evaluate -3 + (-6 - (0 - -7)) + 8.
-8
What is (0 - -1 - -7) + -4?
4
-6 + (4 - (3 - -3)) + 3
-5
What is the value of 3 - ((1 - 0) + (6 - 9))?
5
Calculate (22 - -2) + -12 - 12.
0
(2 - 1) + -2 + (3 - 6)
-4
Calculate -3 + 10 + -11 - -1.
-3
3 - (-4 + -3 + (3 - -2))
5
2 + -5 + -2 + 2 + -1
-4
Calculate -4 + (1 - (-5 + 5)).
-3
(14 - -2) + -9 - 11
-4
What is 2 - 9 - (-7 - -5)?
-5
What is the value of 6 + (11 - 6) + -12?
-1
Evaluate 3 + 1 + -4 + 0 + 3.
3
0 - (-1 + (3 - (6 + -6)))
-2
Evaluate 2 + -5 + -3 + 9 - 7.
-4
16 + -4 - (-9 - -22)
-1
(-1 - (-2 - -1)) + 1 - 2
-1
What is the value of -2 - 3 - -11 - (5 - 4)?
5
Calculate 9 + -7 + (-9 - -13).
6
What is the value of 1 - -1 - (4 - (8 + -5))?
1
Evaluate (-3 - -6) + (1 - (2 - -2)).
0
0 - (-8 + 3 + 4 + 0)
1
What is 0 + 1 + -9 + 13 + -3?
2
-12 + 17 - (6 - 1)
0
1 - 5 - (17 + -16)
-5
Evaluate -8 + 8 + 3 - (-3 - -1).
5
Evaluate 7 + (-7 - -5 - -3).
8
What is the value of -9 + 1 + 3 + (5 - 5)?
-5
Evaluate 7 + (0 - -1) - (4 + -1).
5
What is -6 - (0 - (-2 + 3))?
-5
Evaluate 2 + 4 + -3 + -4.
-1
-11 - (-8 - -10 - 11)
-2
1 + -1 + 0 + -10 + 9
-1
(1 + -2 - -1) + 6 + -5
1
Calculate 3 + (4 - 0 - 2) + -1.
4
What is the value of -9 - (0 + -10 + 9)?
-8
Evaluate 6 + (1 + -7 - 6).
-6
What is the value of (-10 - -3 - 7) + 9?
-5
What is the value of -12 + (17 - -1) - (13 - -1)?
-8
What is the value of 3 + (-1 - 2) + -1 + -1?
-2
Evaluate (7 - 4) + -1 - 1.
1
Calculate (2 - 4 - -10) + -10.
-2
-1 + (4 + -10 + 9 - 4)
-2
What is -5 + -2 + 8 + 2?
3
Calculate 7 + (0 - 2) - (2 - -2).
1
-2 + (3 - -1) - 0
2
-3 - (-4 - -1) - -2
2
Evaluate 1 + 0 - (23 + -23) - 3.
-2
What is 0 + (-8 - -11) + 1 + 1?
5
What is the value of (0 - (-2 - -2) - -2) + 2?
4
What is the value of 0 - -3 - (7 - 3 - -3)?
-4
What is the value of 0 - -1 - (1 + 2)?
-2
-10 + -2 - (0 + 4 + -6)
-10
What is (-26 + 15 - (-2 - 2)) + 4?
-3
-2 + -1 + 2 + (9 - 13)
-5
What is 34 + -28 - (4 + 2)?
0
Evaluate 6 - (6 - (5 - 4)).
1
What is (-6 - (4 - 6)) + 9?
5
Calculate -2 + (-1 - 0) - (-9 - -9).
-3
What is the value of -13 + -5 + 24 + -2 + -1?
3
What is -4 - 1 - (17 - 14 - 17)?
9
What is 83 + -87 + -1 + 3?
-2
Evaluate (-1 - 0 - (-6 - -3)) + -2.
0
Calculate -2 - 0 - 1 - (2 + -8).
3
Calculate -2 - (3 + (2 - 5) + 4).
-6
What is the value of (50 - 46) + (-2 - 0) + -13?
-11
(-2 + 3 - 5) + (-6 - -6)
-4
What is the value of -8 + (16 - 8) - (2 - -1)?
-3
0 + 0 - (100 + -102)
2
Evaluate 7 + 3 + 8 + -14.
4
Evaluate -5 + (-2 - (3 - 15)).
5
-2 + (1 - 2 - 1)
-4
What is (-11 - -6 - (-1 - 1)) + 6?
3
-7 + (-3 + 3 - -8)
1
0 - -2 - (0 + -4 - -6)
0
Evaluate 17 + -4 + -9 - 0.
4
What is the value of -1 + 6 + -5 + -4 + -1?
-5
Evaluate -7 + (3 + 5 - -3).
4
What is the value of -1 - 0 - (-2 + 0)?
1
What is the value of (8 - 4) + (0 - 2 - -1)?
3
What is 0 - ((0 - 6) + 9)?
-3
Evaluate (3 + -1 - -2) + 4.
8
-5 + 5 + (-4 - 2) + 2
-4
What is the value of (1 - 5) + 11 + -6 + 4?
5
2 + (3 - 0) - 4
1
Calculate -10 - -7 - (-1 + -3).
1
What is (-4 - -3) + 1 - (1 - 0)?
-1
Calculate 4 + -9 - (2 - 11).
4
5 + -12 + -5 + 9 + -2
-5
What is -3 + (4 - 0 - -5)?
6
Calculate -2 + 2 + 2 + -5.
-3
10 + (-8 - -9) + -11
0
What is the value of -3 - 1 - (2 + -8 + 2)?
0
What is the value of -3 - (-5 + 0 + 4)?
-2
What is the value of 8 + (1 - 3 - (4 - 5))?
7
1 - (2 + (1 - -1))
-3
Evaluate (-5 - -1) + 8 + -1.
3
What is (-2 - 0) + 11 + -6?
3
Evaluate -3 - (4 + -1 + (-4 - 0)).
-2
What is the value of -3 + (3 - 5) - (17 - 12)?
-10
What is (10 - 4) + -9 + 5?
2
Evaluate 2 + 3 + 1 + -4.
2
3 + 1 + -3 + 2 + -2
1
-23 + -14 + (15 - -14)
-8
Calculate (-4 - (-3 - 1)) + (0 - -6).
6
What is (-2 - 0 - -1) + -102 + 100?
-3
(-1 - 3 - 1) + 2
-3
Calculate 1 - -3 - (1 + -5).
8
Evaluate -2 - -8 - (-5 + 8).
3
What is the value of 7 + (-5 - ((-2 - -3) + -3))?
4
Calculate 3 + -4 + 2 + -2.
-1
What is the value of 36 + -33 + 0 + 1 - 9?
-5
Evaluate -1 + (-2 + 0 + 1 - 2).
-4
What is the value of 22 + -17 + -9 + -1 - -3?
-2
Calculate -4 + 1 + 3 + -3 + -1.
-4
Evaluate -1 + 2 + -6 + 4.
-1
Evaluate -3 - -1 - (-2 - (-5 - -6)).
1
What is -18 + 13 - ((0 - -1) + -1)?
-5
(-6 + 3 - (-8 - -6)) + -4
-5
What is the value of -1 + 5 + (5 - (10 + -3))?
2
What is the value of (-2 - -7) + -5 - (1 + 1)?
-2
What is the value of 3 + -5 + -5 - 3?
-10
What is the value of -5 + 5 + 4 + 6 + -14?
-4
What is -4 + 3 + 5 + -1 + -3?
0
5 + (5 - 10 - (2 - 3))
1
-7 - ((-9 - -6) + -6)
2
What is the value of (-1 - -1 - -2) + -89 + 80?
-7
What is the value of -10 - -11 - (-3 - 0)?
4
Calculate 3 + 5 + -1 + -10.
-3
Evaluate (4 - (-4 + 7)) + -1.
0
28 + -36 - (3 + (3 - 10))
-4
What is -10 + (-2 + 6 - -2)?
-4
0 + 3 + (1 - -1)
5
Calculate 7 + (-2 - 2) - 6.
-3
3 + 6 + -6 - (7 + -6)
2
(-1 - -1) + (24 - 5) + -11
8
Calculate 3 + (-14 - -12) - (3 - 1).
-1
Evaluate -3 + (-4 - (-3 + 6 + -2)).
-8
What is the value of (0 - 1) + 5 - 7?
-3
Evaluate (-4 - (-7 + 7 + -4)) + -3.
-3
Calculate 1 - (-1 - 0 - (4 - 6)).
0
Calculate 4 - (-7 - -12) - 2.
-3
What is -2 - (-18 - -9) - 9?
-2
-2 + (-1 - -4) + -1
0
What is (-5 - (3 - (7 - 2))) + 1?
-2
(2 - 6) + 3 - -5
4
Calculate -10 + (-1 - -14) 